 the thousands digit of 235159?
5
What is the thousands digit of 51998?
1
What is the thousands digit of 502109?
2
What is the ten thousands digit of 18144448?
4
What is the tens digit of 15652307?
0
What is the millions digit of 2847022?
2
What is the hundreds digit of 535953?
9
What is the hundred thousands digit of 103673?
1
What is the units digit of 656590?
0
What is the tens digit of 5150637?
3
What is the units digit of 79151?
1
What is the hundreds digit of 171484?
4
What is the thousands digit of 12814716?
4
What is the hundred thousands digit of 766037?
7
What is the tens digit of 14802094?
9
What is the tens digit of 10249369?
6
What is the units digit of 92697?
7
What is the hundreds digit of 288770?
7
What is the hundreds digit of 1089800?
8
What is the ten thousands digit of 18298769?
9
What is the hundred thousands digit of 168907?
1
What is the hundreds digit of 19182311?
3
What is the hundred thousands digit of 415036?
4
What is the hundred thousands digit of 168257?
1
What is the tens digit of 320393?
9
What is the ten thousands digit of 445381?
4
What is the millions digit of 4822830?
4
What is the ten thousands digit of 1729783?
2
What is the hundreds digit of 447?
4
What is the units digit of 755436?
6
What is the units digit of 161133?
3
What is the millions digit of 6203051?
6
What is the thousands digit of 425044?
5
What is the hundreds digit of 381055?
0
What is the units digit of 1236111?
1
What is the hundred thousands digit of 398665?
3
What is the thousands digit of 285488?
5
What is the tens digit of 726169?
6
What is the thousands digit of 14854432?
4
What is the units digit of 362810?
0
What is the hundreds digit of 717577?
5
What is the millions digit of 41847681?
1
What is the thousands digit of 238959?
8
What is the ten thousands digit of 124589?
2
What is the hundreds digit of 41654238?
2
What is the hundreds digit of 3368772?
7
What is the thousands digit of 198283?
8
What is the hundred thousands digit of 1683593?
6
What is the hundreds digit of 3951?
9
What is the tens digit of 892568?
6
What is the thousands digit of 22101052?
1
What is the hundreds digit of 1026232?
2
What is the units digit of 41542?
2
What is the millions digit of 4994064?
4
What is the ten thousands digit of 210823?
1
What is the hundred thousands digit of 33798302?
7
What is the tens digit of 3206251?
5
What is the hundred thousands digit of 628836?
6
What is the hundreds digit of 1231375?
3
What is the hundred thousands digit of 137879?
1
What is the ten millions digit of 13345790?
1
What is the hundred thousands digit of 3029554?
0
What is the ten thousands digit of 92635?
9
What is the hundreds digit of 720890?
8
What is the hundreds digit of 179857?
8
What is the ten thousands digit of 140307?
4
What is the hundreds digit of 86886?
8
What is the tens digit of 849414?
1
What is the millions digit of 10050892?
0
What is the hundreds digit of 314829?
8
What is the tens digit of 7918106?
0
What is the hundred thousands digit of 284833?
2
What is the hundred thousands digit of 419199?
4
What is the ten thousands digit of 74338?
7
What is the hundreds digit of 57262?
2
What is the units digit of 11314314?
4
What is the ten thousands digit of 34589153?
8
What is the hundred thousands digit of 9164790?
1
What is the units digit of 12312?
2
What is the tens digit of 186978?
7
What is the hundreds digit of 873898?
8
What is the hundred thousands digit of 405248?
4
What is the hundreds digit of 23409713?
7
What is the units digit of 1199213?
3
What is the ten thousands digit of 891823?
9
What is the ten millions digit of 39270526?
3
What is the units digit of 429052?
2
What is the millions digit of 2182906?
2
What is the hundreds digit of 9981371?
3
What is the tens digit of 305029?
2
What is the hundreds digit of 7104031?
0
What is the hundreds digit of 47016?
0
What is the tens digit of 2586992?
9
What is the millions digit of 2355538?
2
What is the ten thousands digit of 7966049?
6
What is the hundreds digit of 306629?
6
What is the hundreds digit of 784099?
0
What is the ten thousands digit of 2663114?
6
What is the millions digit of 7489984?
7
What is the hundreds digit of 157644?
6
What is the ten thousands digit of 6587917?
8
What is the tens digit of 4214644?
4
What is the hundred thousands digit of 7900895?
9
What is the ten thousands digit of 474813?
7
What is the ten thousands digit of 3790527?
9
What is the millions digit of 21009516?
1
What is the units digit of 9503173?
3
What is the thousands digit of 1473930?
3
What is the hundreds digit of 235788?
7
What is the units digit of 462652?
2
What is the thousands digit of 193391?
3
What is the hundred thousands digit of 4913353?
9
What is the hundreds digit of 644459?
4
What is the hundreds digit of 285405?
4
What is the tens digit of 621837?
3
What is the units digit of 550727?
7
What is the units digit of 101125?
5
What is the tens digit of 1680673?
7
What is the ten thousands digit of 4279343?
7
What is the tens digit of 77315?
1
What is the millions digit of 1494300?
1
What is the units digit of 10317786?
6
What is the thousands digit of 14344598?
4
What is the units digit of 345405?
5
What is the hundreds digit of 54666?
6
What is the units digit of 207159?
9
What is the units digit of 468691?
1
What is the hundred thousands digit of 1642748?
6
What is the units digit of 175579?
9
What is the millions digit of 9412425?
9
What is the hundred thousands digit of 28407905?
4
What is the hundreds digit of 567817?
8
What is the hundred thousands digit of 616392?
6
What is the hundred thousands digit of 1419836?
4
What is the hundreds digit of 105407?
4
What is the thousands digit of 7604?
7
What is the ten thousands digit of 21321661?
2
What is the hundreds digit of 1002572?
5
What is the hundred thousands digit of 266186?
2
What is the millions digit of 16377442?
6
What is the thousands digit of 585676?
5
What is the thousands digit of 21438?
1
What is the tens digit of 298651?
5
What is the ten thousands digit of 17251872?
5
What is the thousands digit of 4841245?
1
What is the ten thousands digit of 147927?
4
What is the tens digit of 373532?
3
What is the millions digit of 3286161?
3
What is the hundred thousands digit of 284298?
2
What is the thousands digit of 6125948?
5
What is the hundreds digit of 1412414?
4
What is the ten millions digit of 16859332?
1
What is the hundred thousands digit of 296650?
2
What is the millions digit of 19616709?
9
What is the millions digit of 1106583?
1
What is the hundred thousands digit of 1194753?
1
What is the tens digit of 2730590?
9
What is the units digit of 25766207?
7
What is the tens digit of 270431?
3
What is the ten thousands digit of 1223152?
2
What is the ten millions digit of 10372122?
1
What is the tens digit of 574967?
6
What is the ten thousands digit of 114240?
1
What is the ten thousands digit of 382161?
8
What is the tens digit of 3369840?
4
What is the hundred thousands digit of 29843306?
8
What is the hundred thousands digit of 5853692?
8
What is the hundreds digit of 22053?
0
What is the ten thousands digit of 1321230?
2
What is the units digit of 2081991?
1
What is the tens digit of 1327561?
6
What is the tens digit of 1845775?
7
What is the hundreds digit of 6231999?
9
What is the tens digit of 754558?
5
What is the tens digit of 25577450?
5
What is the hundred thousands digit of 786892?
7
What is the hundred thousands digit of 3161570?
1
What is the ten thousands digit of 254314?
5
What is the millions digit of 3060984?
3
What is the thousands digit of 441932?
1
What is the tens digit of 8194?
9
What is the units digit of 526937?
7
What is the units digit of 2992149?
9
What is the millions digit of 1243954?
1
What is the units digit of 331872?
2
What is the units digit of 15874964?
4
What is the units digit of 19455947?
7
What is the thousands digit of 2173956?
3
What is the thousands digit of 36179?
6
What is the hundreds digit of 28022559?
5
What is the millions digit of 1395001?
1
What is the ten thousands digit of 8094514?
9
What is the units digit of 7488093?
3
What is the ten millions digit of 16067649?
1
What is the thousands digit of 62284?
2
What is the thousands digit of 120237?
0
What is the hundred